
{"id":16,"date":"2012-01-10T19:51:03","date_gmt":"2012-01-10T19:51:03","guid":{"rendered":"http:\/\/senov-u-noveho-jicina.knihovna.info\/?page_id=16"},"modified":"2013-07-15T08:28:37","modified_gmt":"2013-07-15T06:28:37","slug":"knihovni-rad","status":"publish","type":"page","link":"https:\/\/senov-u-noveho-jicina.knihovna.info\/?page_id=16","title":{"rendered":"Knihovn\u00ed \u0159\u00e1d"},"content":{"rendered":"<p>St\u00e1hn\u011bte si knihovn\u00ed \u0159\u00e1d tak\u00e9 ve form\u00e1tu\u00a0<a href=\"http:\/\/senov-u-noveho-jicina.knihovna.info\/wp-content\/uploads\/2013\/07\/knihovn\u00ed-\u0159\u00e1d-\u0160enov.pdf\" target=\"_blank\">*.pdf<\/a>.<\/p>\n<p style=\"text-align: center;\">\u00a0<a href=\"http:\/\/senov-u-noveho-jicina.knihovna.info\/wp-content\/uploads\/2012\/01\/knihovni-rad-senov-m1.gif\"><img loading=\"lazy\" decoding=\"async\" class=\"size-full wp-image-112 alignnone\" title=\"knihovni rad senov m1\" src=\"http:\/\/senov-u-noveho-jicina.knihovna.info\/wp-content\/uploads\/2012\/01\/knihovni-rad-senov-m1.gif\" alt=\"\" width=\"560\" height=\"856\" srcset=\"https:\/\/senov-u-noveho-jicina.knihovna.info\/wp-content\/uploads\/2012\/01\/knihovni-rad-senov-m1.gif 560w, https:\/\/senov-u-noveho-jicina.knihovna.info\/wp-content\/uploads\/2012\/01\/knihovni-rad-senov-m1-196x300.gif 196w\" sizes=\"auto, (max-width: 560px) 100vw, 560px\" \/><\/a><\/p>\n<p style=\"text-align: center;\"><a href=\"http:\/\/senov-u-noveho-jicina.knihovna.info\/wp-content\/uploads\/2012\/01\/knihovni-rad-senov-m2.gif\"><img loading=\"lazy\" decoding=\"async\" class=\"aligncenter size-full wp-image-113\" title=\"knihovni rad senov m2\" src=\"http:\/\/senov-u-noveho-jicina.knihovna.info\/wp-content\/uploads\/2012\/01\/knihovni-rad-senov-m2.gif\" alt=\"\" width=\"560\" height=\"790\" srcset=\"https:\/\/senov-u-noveho-jicina.knihovna.info\/wp-content\/uploads\/2012\/01\/knihovni-rad-senov-m2.gif 560w, https:\/\/senov-u-noveho-jicina.knihovna.info\/wp-content\/uploads\/2012\/01\/knihovni-rad-senov-m2-212x300.gif 212w\" sizes=\"auto, (max-width: 560px) 100vw, 560px\" \/><\/a><\/p>\n","protected":false},"excerpt":{"rendered":"<p>St\u00e1hn\u011bte si knihovn\u00ed \u0159\u00e1d tak\u00e9 ve form\u00e1tu\u00a0*.pdf. \u00a0<\/p>\n","protected":false},"author":1,"featured_media":0,"parent":0,"menu_order":0,"comment_status":"closed","ping_status":"closed","template":"","meta":{"footnotes":""},"class_list":["post-16","page","type-page","status-publish","hentry"],"_links":{"self":[{"href":"https:\/\/senov-u-noveho-jicina.knihovna.info\/index.php?rest_route=\/wp\/v2\/pages\/16","targetHints":{"allow":["GET"]}}],"collection":[{"href":"https:\/\/senov-u-noveho-jicina.knihovna.info\/index.php?rest_route=\/wp\/v2\/pages"}],"about":[{"href":"https:\/\/senov-u-noveho-jicina.knihovna.info\/index.php?rest_route=\/wp\/v2\/types\/page"}],"author":[{"embeddable":true,"href":"https:\/\/senov-u-noveho-jicina.knihovna.info\/index.php?rest_route=\/wp\/v2\/users\/1"}],"replies":[{"embeddable":true,"href":"https:\/\/senov-u-noveho-jicina.knihovna.info\/index.php?rest_route=%2Fwp%2Fv2%2Fcomments&post=16"}],"version-history":[{"count":8,"href":"https:\/\/senov-u-noveho-jicina.knihovna.info\/index.php?rest_route=\/wp\/v2\/pages\/16\/revisions"}],"predecessor-version":[{"id":117,"href":"https:\/\/senov-u-noveho-jicina.knihovna.info\/index.php?rest_route=\/wp\/v2\/pages\/16\/revisions\/117"}],"wp:attachment":[{"href":"https:\/\/senov-u-noveho-jicina.knihovna.info\/index.php?rest_route=%2Fwp%2Fv2%2Fmedia&parent=16"}],"curies":[{"name":"wp","href":"https:\/\/api.w.org\/{rel}","templated":true}]}}